{"id":17,"date":"2016-01-11T22:55:34","date_gmt":"2016-01-11T22:55:34","guid":{"rendered":"http:\/\/kruesecke.de\/?page_id=17"},"modified":"2020-04-21T09:03:43","modified_gmt":"2020-04-21T09:03:43","slug":"welcome","status":"publish","type":"page","link":"http:\/\/kruesecke.de\/","title":{"rendered":""},"content":{"rendered":"\n<figure class=\"wp-block-image wp-image-894 size-full is-style-default\"><img decoding=\"async\" loading=\"lazy\" width=\"1300\" height=\"792\" src=\"http:\/\/kruesecke.de\/wp-content\/uploads\/2016\/01\/inkenkruesecke033bb.png\" alt=\"\" class=\"wp-image-894\" srcset=\"http:\/\/kruesecke.de\/wp-content\/uploads\/2016\/01\/inkenkruesecke033bb.png 1300w, http:\/\/kruesecke.de\/wp-content\/uploads\/2016\/01\/inkenkruesecke033bb-300x183.png 300w, http:\/\/kruesecke.de\/wp-content\/uploads\/2016\/01\/inkenkruesecke033bb-768x468.png 768w, http:\/\/kruesecke.de\/wp-content\/uploads\/2016\/01\/inkenkruesecke033bb-1024x624.png 1024w, http:\/\/kruesecke.de\/wp-content\/uploads\/2016\/01\/inkenkruesecke033bb-1200x731.png 1200w\" sizes=\"(max-width: 709px) 85vw, (max-width: 909px) 67vw, (max-width: 1362px) 62vw, 840px\" \/><figcaption>Altes Museum, Berlin (2015)<\/figcaption><\/figure>\n\n\n\n<div class=\"wp-block-image\"><figure class=\"aligncenter\"><img decoding=\"async\" loading=\"lazy\" width=\"1200\" height=\"600\" src=\"http:\/\/kruesecke.de\/wp-content\/uploads\/2017\/09\/Inkenkruesecke_AltesMuseum_11.jpg\" alt=\"\" class=\"wp-image-957\" srcset=\"http:\/\/kruesecke.de\/wp-content\/uploads\/2017\/09\/Inkenkruesecke_AltesMuseum_11.jpg 1200w, http:\/\/kruesecke.de\/wp-content\/uploads\/2017\/09\/Inkenkruesecke_AltesMuseum_11-300x150.jpg 300w, http:\/\/kruesecke.de\/wp-content\/uploads\/2017\/09\/Inkenkruesecke_AltesMuseum_11-768x384.jpg 768w, http:\/\/kruesecke.de\/wp-content\/uploads\/2017\/09\/Inkenkruesecke_AltesMuseum_11-1024x512.jpg 1024w\" sizes=\"(max-width: 709px) 85vw, (max-width: 909px) 67vw, (max-width: 1362px) 62vw, 840px\" \/><\/figure><\/div>\n\n\n\n<figure class=\"wp-block-image alignnone wp-image-1032 size-full\"><img decoding=\"async\" loading=\"lazy\" width=\"1300\" height=\"623\" src=\"http:\/\/kruesecke.de\/wp-content\/uploads\/2016\/01\/inkenkruesecke_Museum.jpg\" alt=\"\" class=\"wp-image-1032\" srcset=\"http:\/\/kruesecke.de\/wp-content\/uploads\/2016\/01\/inkenkruesecke_Museum.jpg 1300w, http:\/\/kruesecke.de\/wp-content\/uploads\/2016\/01\/inkenkruesecke_Museum-300x144.jpg 300w, http:\/\/kruesecke.de\/wp-content\/uploads\/2016\/01\/inkenkruesecke_Museum-768x368.jpg 768w, http:\/\/kruesecke.de\/wp-content\/uploads\/2016\/01\/inkenkruesecke_Museum-1024x491.jpg 1024w, http:\/\/kruesecke.de\/wp-content\/uploads\/2016\/01\/inkenkruesecke_Museum-1200x575.jpg 1200w\" sizes=\"(max-width: 709px) 85vw, (max-width: 909px) 67vw, (max-width: 1362px) 62vw, 840px\" \/><figcaption>V.l.n.r.: Skulptur eines T\u00e4nzers und einer T\u00e4nzerin, Bali, Indonesien; um 1870, Museum f\u00fcr V\u00f6lkerkunde, Wien; Thronsessel mit Glasperlen und Kaurimuscheln f\u00fcr K\u00f6nig Nsangu von Bamun,19. Jahrhundert. Ethnologisches Museum, Berlin; Shiva, Indien, 19. Jahrhundert, Museum f\u00fcr V\u00f6lkerkunde, Wien (2015)<\/figcaption><\/figure>\n\n\n\n<div class=\"wp-block-image wp-image-1057 size-full\"><figure class=\"aligncenter is-resized\"><img decoding=\"async\" loading=\"lazy\" src=\"http:\/\/kruesecke.de\/wp-content\/uploads\/2016\/01\/inkenkruesecke056b_Seba-Yaku.jpg\" alt=\"\" class=\"wp-image-1057\" width=\"655\" height=\"477\" srcset=\"http:\/\/kruesecke.de\/wp-content\/uploads\/2016\/01\/inkenkruesecke056b_Seba-Yaku.jpg 1200w, http:\/\/kruesecke.de\/wp-content\/uploads\/2016\/01\/inkenkruesecke056b_Seba-Yaku-300x219.jpg 300w, http:\/\/kruesecke.de\/wp-content\/uploads\/2016\/01\/inkenkruesecke056b_Seba-Yaku-768x559.jpg 768w, http:\/\/kruesecke.de\/wp-content\/uploads\/2016\/01\/inkenkruesecke056b_Seba-Yaku-1024x746.jpg 1024w\" sizes=\"(max-width: 655px) 85vw, 655px\" \/><figcaption>Yakushima (\u5c4b\u4e45\u5cf6), Japan &amp; Albertus Seba, nach J. Houbraken (1731), 2016<\/figcaption><\/figure><\/div>\n\n\n\n<figure class=\"wp-block-image alignnone wp-image-1061 size-full\"><img decoding=\"async\" loading=\"lazy\" width=\"1373\" height=\"925\" src=\"http:\/\/kruesecke.de\/wp-content\/uploads\/2016\/01\/inkenkruesecke_pinguin-ufer.jpg\" alt=\"\" class=\"wp-image-1061\" srcset=\"http:\/\/kruesecke.de\/wp-content\/uploads\/2016\/01\/inkenkruesecke_pinguin-ufer.jpg 1373w, http:\/\/kruesecke.de\/wp-content\/uploads\/2016\/01\/inkenkruesecke_pinguin-ufer-300x202.jpg 300w, http:\/\/kruesecke.de\/wp-content\/uploads\/2016\/01\/inkenkruesecke_pinguin-ufer-768x517.jpg 768w, http:\/\/kruesecke.de\/wp-content\/uploads\/2016\/01\/inkenkruesecke_pinguin-ufer-1024x690.jpg 1024w, http:\/\/kruesecke.de\/wp-content\/uploads\/2016\/01\/inkenkruesecke_pinguin-ufer-1200x808.jpg 1200w\" sizes=\"(max-width: 709px) 85vw, (max-width: 909px) 67vw, (max-width: 1362px) 62vw, 840px\" \/><figcaption>Pinguin, Deutsches Technikmuseum Berlin &amp; Paul-Lincke-Ufer, Berlin (2015)<\/figcaption><\/figure>\n\n\n\n<div class=\"wp-block-image wp-image-1046 size-full\"><figure class=\"aligncenter is-resized\"><img decoding=\"async\" loading=\"lazy\" src=\"http:\/\/kruesecke.de\/wp-content\/uploads\/2016\/01\/inkenkruesecke_skulpturprojekte1_web.jpg\" alt=\"\" class=\"wp-image-1046\" width=\"649\" height=\"439\" srcset=\"http:\/\/kruesecke.de\/wp-content\/uploads\/2016\/01\/inkenkruesecke_skulpturprojekte1_web.jpg 1200w, http:\/\/kruesecke.de\/wp-content\/uploads\/2016\/01\/inkenkruesecke_skulpturprojekte1_web-300x203.jpg 300w, http:\/\/kruesecke.de\/wp-content\/uploads\/2016\/01\/inkenkruesecke_skulpturprojekte1_web-768x520.jpg 768w, http:\/\/kruesecke.de\/wp-content\/uploads\/2016\/01\/inkenkruesecke_skulpturprojekte1_web-1024x693.jpg 1024w\" sizes=\"(max-width: 649px) 85vw, 649px\" \/><figcaption>Skulpturprojekte M\u00fcnster, 2017<\/figcaption><\/figure><\/div>\n\n\n\n<div class=\"wp-block-image wp-image-616 size-full\"><figure class=\"aligncenter\"><img decoding=\"async\" loading=\"lazy\" width=\"697\" height=\"1000\" src=\"http:\/\/kruesecke.de\/wp-content\/uploads\/2016\/10\/inkenkruesecke047.jpg\" alt=\"\" class=\"wp-image-616\" srcset=\"http:\/\/kruesecke.de\/wp-content\/uploads\/2016\/10\/inkenkruesecke047.jpg 697w, http:\/\/kruesecke.de\/wp-content\/uploads\/2016\/10\/inkenkruesecke047-209x300.jpg 209w\" sizes=\"(max-width: 697px) 85vw, 697px\" \/><figcaption>Musahi, Kottbusser Damm, Berlin (2016)<\/figcaption><\/figure><\/div>\n\n\n\n<figure class=\"wp-block-image alignnone wp-image-1038 size-full\"><img decoding=\"async\" loading=\"lazy\" width=\"1200\" height=\"374\" src=\"http:\/\/kruesecke.de\/wp-content\/uploads\/2016\/01\/inkenkruesecke_Australia_web.jpg\" alt=\"\" class=\"wp-image-1038\" srcset=\"http:\/\/kruesecke.de\/wp-content\/uploads\/2016\/01\/inkenkruesecke_Australia_web.jpg 1200w, http:\/\/kruesecke.de\/wp-content\/uploads\/2016\/01\/inkenkruesecke_Australia_web-300x94.jpg 300w, http:\/\/kruesecke.de\/wp-content\/uploads\/2016\/01\/inkenkruesecke_Australia_web-768x239.jpg 768w, http:\/\/kruesecke.de\/wp-content\/uploads\/2016\/01\/inkenkruesecke_Australia_web-1024x319.jpg 1024w\" sizes=\"(max-width: 709px) 85vw, (max-width: 909px) 67vw, (max-width: 1362px) 62vw, 840px\" \/><figcaption>Kings Park, Perth&amp; Rottnest Island, Australia (2015)<\/figcaption><\/figure>\n","protected":false},"excerpt":{"rendered":"","protected":false},"author":1,"featured_media":0,"parent":0,"menu_order":0,"comment_status":"closed","ping_status":"closed","template":"","meta":{"ngg_post_thumbnail":0,"footnotes":""},"_links":{"self":[{"href":"http:\/\/kruesecke.de\/index.php?rest_route=\/wp\/v2\/pages\/17"}],"collection":[{"href":"http:\/\/kruesecke.de\/index.php?rest_route=\/wp\/v2\/pages"}],"about":[{"href":"http:\/\/kruesecke.de\/index.php?rest_route=\/wp\/v2\/types\/page"}],"author":[{"embeddable":true,"href":"http:\/\/kruesecke.de\/index.php?rest_route=\/wp\/v2\/users\/1"}],"replies":[{"embeddable":true,"href":"http:\/\/kruesecke.de\/index.php?rest_route=%2Fwp%2Fv2%2Fcomments&post=17"}],"version-history":[{"count":95,"href":"http:\/\/kruesecke.de\/index.php?rest_route=\/wp\/v2\/pages\/17\/revisions"}],"predecessor-version":[{"id":1181,"href":"http:\/\/kruesecke.de\/index.php?rest_route=\/wp\/v2\/pages\/17\/revisions\/1181"}],"wp:attachment":[{"href":"http:\/\/kruesecke.de\/index.php?rest_route=%2Fwp%2Fv2%2Fmedia&parent=17"}],"curies":[{"name":"wp","href":"https:\/\/api.w.org\/{rel}","templated":true}]}}